[INFO] cloning repository https://github.com/archer884/motivate
[INFO] running `Command { std: "git" "-c" "credential.helper=" "-c" "credential.helper=/workspace/cargo-home/bin/git-credential-null" "clone" "--bare" "https://github.com/archer884/motivate" "/workspace/cache/git-repos/https%3A%2F%2Fgithub.com%2Farcher884%2Fmotivate", kill_on_drop: false }`
[INFO] [stderr] Cloning into bare repository '/workspace/cache/git-repos/https%3A%2F%2Fgithub.com%2Farcher884%2Fmotivate'...
[INFO] running `Command { std: "git" "rev-parse" "HEAD", kill_on_drop: false }`
[INFO] [stdout] fcef39a77c40e9a03d8cd6325182460d760ed5a7
[INFO] checking archer884/motivate against master#af3c6e733a40e671550e0f0f5aeecaa13772ba56 for pr-74989
[INFO] running `Command { std: "git" "clone" "/workspace/cache/git-repos/https%3A%2F%2Fgithub.com%2Farcher884%2Fmotivate" "/workspace/builds/worker-6/source", kill_on_drop: false }`
[INFO] [stderr] Cloning into '/workspace/builds/worker-6/source'...
[INFO] [stderr] done.
[INFO] validating manifest of git repo https://github.com/archer884/motivate on toolchain af3c6e733a40e671550e0f0f5aeecaa13772ba56
[INFO] running `Command { std: "/workspace/cargo-home/bin/cargo" "+af3c6e733a40e671550e0f0f5aeecaa13772ba56" "read-manifest" "--manifest-path" "Cargo.toml", kill_on_drop: false }`
[INFO] started tweaking git repo https://github.com/archer884/motivate
[INFO] finished tweaking git repo https://github.com/archer884/motivate
[INFO] tweaked toml for git repo https://github.com/archer884/motivate written to /workspace/builds/worker-6/source/Cargo.toml
[INFO] crate git repo https://github.com/archer884/motivate already has a lockfile, it will not be regenerated
[INFO] running `Command { std: "/workspace/cargo-home/bin/cargo" "+af3c6e733a40e671550e0f0f5aeecaa13772ba56" "fetch" "--locked" "--manifest-path" "Cargo.toml", kill_on_drop: false }`
[INFO] [stderr]     Blocking waiting for file lock on package cache
[INFO] [stderr] error: the lock file /workspace/builds/worker-6/source/Cargo.lock needs to be updated but --locked was passed to prevent this
[INFO] [stderr] If you want to try to generate the lock file without accessing the network, use the --offline flag.
[INFO] the lockfile is outdated, regenerating it
[INFO] running `Command { std: "/workspace/cargo-home/bin/cargo" "+af3c6e733a40e671550e0f0f5aeecaa13772ba56" "generate-lockfile" "--manifest-path" "Cargo.toml" "-Zno-index-update", kill_on_drop: false }`
[INFO] running `Command { std: "/workspace/cargo-home/bin/cargo" "+af3c6e733a40e671550e0f0f5aeecaa13772ba56" "fetch" "--locked" "--manifest-path" "Cargo.toml", kill_on_drop: false }`
[INFO] running `Command { std: "docker" "create" "-v" "/var/lib/crater-agent-workspace/builds/worker-6/target:/opt/rustwide/target:rw,Z" "-v" "/var/lib/crater-agent-workspace/builds/worker-6/source:/opt/rustwide/workdir:ro,Z" "-v" "/var/lib/crater-agent-workspace/cargo-home:/opt/rustwide/cargo-home:ro,Z" "-v" "/var/lib/crater-agent-workspace/rustup-home:/opt/rustwide/rustup-home:ro,Z" "-e" "SOURCE_DIR=/opt/rustwide/workdir" "-e" "CARGO_TARGET_DIR=/opt/rustwide/target" "-e" "CARGO_HOME=/opt/rustwide/cargo-home" "-e" "RUSTUP_HOME=/opt/rustwide/rustup-home" "-w" "/opt/rustwide/workdir" "-m" "1610612736" "--user" "0:0" "--network" "none" "rustops/crates-build-env@sha256:d92eaeed33fa75130ca1ee6c8a01d1ffb62bac859dfdfb3450e3e5d1c0146529" "/opt/rustwide/cargo-home/bin/cargo" "+af3c6e733a40e671550e0f0f5aeecaa13772ba56" "metadata" "--no-deps" "--format-version=1", kill_on_drop: false }`
[INFO] [stdout] b5942da4cd5e861c3757964afbb24c02207751f4f8bea8ebe3b7f2af3445cf2c
[INFO] [stderr] WARNING: Your kernel does not support swap limit capabilities or the cgroup is not mounted. Memory limited without swap.
[INFO] running `Command { std: "docker" "start" "-a" "b5942da4cd5e861c3757964afbb24c02207751f4f8bea8ebe3b7f2af3445cf2c", kill_on_drop: false }`
[INFO] running `Command { std: "docker" "inspect" "b5942da4cd5e861c3757964afbb24c02207751f4f8bea8ebe3b7f2af3445cf2c", kill_on_drop: false }`
[INFO] running `Command { std: "docker" "rm" "-f" "b5942da4cd5e861c3757964afbb24c02207751f4f8bea8ebe3b7f2af3445cf2c", kill_on_drop: false }`
[INFO] [stdout] b5942da4cd5e861c3757964afbb24c02207751f4f8bea8ebe3b7f2af3445cf2c
[INFO] running `Command { std: "docker" "create" "-v" "/var/lib/crater-agent-workspace/builds/worker-6/target:/opt/rustwide/target:rw,Z" "-v" "/var/lib/crater-agent-workspace/builds/worker-6/source:/opt/rustwide/workdir:ro,Z" "-v" "/var/lib/crater-agent-workspace/cargo-home:/opt/rustwide/cargo-home:ro,Z" "-v" "/var/lib/crater-agent-workspace/rustup-home:/opt/rustwide/rustup-home:ro,Z" "-e" "SOURCE_DIR=/opt/rustwide/workdir" "-e" "CARGO_TARGET_DIR=/opt/rustwide/target" "-e" "CARGO_INCREMENTAL=0" "-e" "RUST_BACKTRACE=full" "-e" "RUSTFLAGS=--cap-lints=forbid" "-e" "CARGO_HOME=/opt/rustwide/cargo-home" "-e" "RUSTUP_HOME=/opt/rustwide/rustup-home" "-w" "/opt/rustwide/workdir" "-m" "1610612736" "--user" "0:0" "--network" "none" "rustops/crates-build-env@sha256:d92eaeed33fa75130ca1ee6c8a01d1ffb62bac859dfdfb3450e3e5d1c0146529" "/opt/rustwide/cargo-home/bin/cargo" "+af3c6e733a40e671550e0f0f5aeecaa13772ba56" "check" "--frozen" "--all" "--all-targets" "--message-format=json", kill_on_drop: false }`
[INFO] [stdout] ca48bb0da117cde36e160df2a0bf60a19bbc63d83a8ef278b77b448ea8339c4d
[INFO] [stderr] WARNING: Your kernel does not support swap limit capabilities or the cgroup is not mounted. Memory limited without swap.
[INFO] running `Command { std: "docker" "start" "-a" "ca48bb0da117cde36e160df2a0bf60a19bbc63d83a8ef278b77b448ea8339c4d", kill_on_drop: false }`
[INFO] [stderr]    Compiling serde v1.0.116
[INFO] [stderr]     Checking toml v0.5.6
[INFO] [stderr]     Checking motivate v0.1.0 (/opt/rustwide/workdir)
[INFO] [stdout] error[E0425]: cannot find function `decode` in crate `toml`
[INFO] [stdout]   --> src/quotes.rs:59:42
[INFO] [stdout]    |
[INFO] [stdout] 59 |                     Some(value) => toml::decode(value.clone()).ok_or(
[INFO] [stdout]    |                                          ^^^^^^ not found in `toml`
[INFO] [stdout]    |
[INFO] [stdout] help: consider importing this function
[INFO] [stdout]    |
[INFO] [stdout] 1  | use rustc_serialize::json::decode;
[INFO] [stdout]    |
[INFO] [stdout] 
[INFO] [stdout] 
[INFO] [stdout] warning: unused import: `rand::Rng`
[INFO] [stdout]  --> src/main.rs:8:5
[INFO] [stdout]   |
[INFO] [stdout] 8 | use rand::Rng;
[INFO] [stdout]   |     ^^^^^^^^^
[INFO] [stdout]   |
[INFO] [stdout]   = note: `#[warn(unused_imports)]` on by default
[INFO] [stdout] 
[INFO] [stdout] 
[INFO] [stdout] error[E0425]: cannot find function `decode` in crate `toml`
[INFO] [stdout]   --> src/quotes.rs:59:42
[INFO] [stdout]    |
[INFO] [stdout] 59 |                     Some(value) => toml::decode(value.clone()).ok_or(
[INFO] [stdout]    |                                          ^^^^^^ not found in `toml`
[INFO] [stdout]    |
[INFO] [stdout] help: consider importing this function
[INFO] [stdout]    |
[INFO] [stdout] 1  | use rustc_serialize::json::decode;
[INFO] [stdout]    |
[INFO] [stdout] 
[INFO] [stdout] 
[INFO] [stdout] warning: unused import: `rand::Rng`
[INFO] [stdout]  --> src/main.rs:8:5
[INFO] [stdout]   |
[INFO] [stdout] 8 | use rand::Rng;
[INFO] [stdout]   |     ^^^^^^^^^
[INFO] [stdout]   |
[INFO] [stdout]   = note: `#[warn(unused_imports)]` on by default
[INFO] [stdout] 
[INFO] [stdout] 
[INFO] [stdout] error[E0599]: no method named `choose` found for struct `ThreadRng` in the current scope
[INFO] [stdout]   --> src/main.rs:38:24
[INFO] [stdout]    |
[INFO] [stdout] 38 |     rand::thread_rng().choose(&all_quotes).map(|&quote| quote)
[INFO] [stdout]    |                        ^^^^^^ method not found in `ThreadRng`
[INFO] [stdout] 
[INFO] [stdout] 
[INFO] [stdout] error[E0599]: no method named `lookup` found for enum `Value` in the current scope
[INFO] [stdout]   --> src/quotes.rs:57:42
[INFO] [stdout]    |
[INFO] [stdout] 57 |                 Ok(value) => match value.lookup("sources") {
[INFO] [stdout]    |                                          ^^^^^^ method not found in `Value`
[INFO] [stdout] 
[INFO] [stdout] 
[INFO] [stdout] error[E0599]: no method named `choose` found for struct `ThreadRng` in the current scope
[INFO] [stdout]   --> src/main.rs:38:24
[INFO] [stdout]    |
[INFO] [stdout] 38 |     rand::thread_rng().choose(&all_quotes).map(|&quote| quote)
[INFO] [stdout]    |                        ^^^^^^ method not found in `ThreadRng`
[INFO] [stdout] 
[INFO] [stdout] 
[INFO] [stdout] error: aborting due to 3 previous errors; 1 warning emitted
[INFO] [stdout] 
[INFO] [stdout] 
[INFO] [stdout] Some errors have detailed explanations: E0425, E0599.
[INFO] [stdout] 
[INFO] [stdout] For more information about an error, try `rustc --explain E0425`.
[INFO] [stdout] 
[INFO] [stderr] error: could not compile `motivate`.
[INFO] [stderr] 
[INFO] [stderr] To learn more, run the command again with --verbose.
[INFO] [stderr] warning: build failed, waiting for other jobs to finish...
[INFO] [stdout] error[E0599]: no method named `lookup` found for enum `Value` in the current scope
[INFO] [stdout]   --> src/quotes.rs:57:42
[INFO] [stdout]    |
[INFO] [stdout] 57 |                 Ok(value) => match value.lookup("sources") {
[INFO] [stdout]    |                                          ^^^^^^ method not found in `Value`
[INFO] [stdout] 
[INFO] [stdout] 
[INFO] [stdout] error: aborting due to 3 previous errors; 1 warning emitted
[INFO] [stdout] 
[INFO] [stdout] 
[INFO] [stdout] Some errors have detailed explanations: E0425, E0599.
[INFO] [stdout] 
[INFO] [stdout] For more information about an error, try `rustc --explain E0425`.
[INFO] [stdout] 
[INFO] [stderr] error: build failed
[INFO] running `Command { std: "docker" "inspect" "ca48bb0da117cde36e160df2a0bf60a19bbc63d83a8ef278b77b448ea8339c4d", kill_on_drop: false }`
[INFO] running `Command { std: "docker" "rm" "-f" "ca48bb0da117cde36e160df2a0bf60a19bbc63d83a8ef278b77b448ea8339c4d", kill_on_drop: false }`
[INFO] [stdout] ca48bb0da117cde36e160df2a0bf60a19bbc63d83a8ef278b77b448ea8339c4d
